{"id":8252,"date":"2021-11-05T15:20:15","date_gmt":"2021-11-05T14:20:15","guid":{"rendered":"http:\/\/lucidrealities.studio\/index.php\/lucid-realities-english\/"},"modified":"2026-02-20T14:06:39","modified_gmt":"2026-02-20T13:06:39","slug":"lucid-realities-english","status":"publish","type":"page","link":"https:\/\/lucidrealities.studio\/","title":{"rendered":"Lucid Realities"},"content":{"rendered":"<p>[vc_row row_type=&#8221;full-width&#8221;][vc_column no_gap_check=&#8221;no-gap&#8221;]\n<div id=\"rev_slider_124_1_wrapper\" class=\"rev_slider_wrapper fullwidthbanner-container\" data-source=\"gallery\" style=\"margin:0px auto;background:transparent;padding:0px;margin-top:0px;margin-bottom:0px;\">\n<!-- START REVOLUTION SLIDER 5.4.7.2 auto mode -->\n\t<div id=\"rev_slider_124_1\" class=\"rev_slider fullwidthabanner\" style=\"display:none;\" data-version=\"5.4.7.2\">\n<ul>\t<!-- SLIDE  -->\n\t<li data-index=\"rs-504\" data-transition=\"fade\" data-slotamount=\"default\" data-hideafterloop=\"0\" data-hideslideonmobile=\"off\"  data-easein=\"default\" data-easeout=\"default\" data-masterspeed=\"300\"  data-rotate=\"0\"  data-saveperformance=\"off\"  data-title=\"Slide\" data-param1=\"\" data-param2=\"\" data-param3=\"\" data-param4=\"\" data-param5=\"\" data-param6=\"\" data-param7=\"\" data-param8=\"\" data-param9=\"\" data-param10=\"\" data-description=\"\">\n\t\t<!-- MAIN IMAGE -->\n\t\t<img src=\"https:\/\/lucidrealities.studio\/wp-content\/uploads\/2026\/02\/MagellanFR.png\"  alt=\"\" title=\"MagellanFR\"  width=\"2500\" height=\"1702\" data-bgposition=\"center center\" data-bgfit=\"cover\" data-bgrepeat=\"no-repeat\" class=\"rev-slidebg\" data-no-retina>\n\t\t<!-- LAYERS -->\n\t<\/li>\n<\/ul>\n<div class=\"tp-bannertimer tp-bottom\" style=\"visibility: hidden !important;\"><\/div>\t<\/div>\n<script>var htmlDiv = document.getElementById(\"rs-plugin-settings-inline-css\"); var htmlDivCss=\"\";\r\n\t\t\t\tif(htmlDiv) {\r\n\t\t\t\t\thtmlDiv.innerHTML = htmlDiv.innerHTML + htmlDivCss;\r\n\t\t\t\t}else{\r\n\t\t\t\t\tvar htmlDiv = document.createElement(\"div\");\r\n\t\t\t\t\thtmlDiv.innerHTML = \"<style>\" + htmlDivCss + \"<\/style>\";\r\n\t\t\t\t\tdocument.getElementsByTagName(\"head\")[0].appendChild(htmlDiv.childNodes[0]);\r\n\t\t\t\t}\r\n\t\t\t<\/script>\n\t\t<script type=\"text\/javascript\">\r\nif (setREVStartSize!==undefined) setREVStartSize(\r\n\t{c: '#rev_slider_124_1', gridwidth: [1240], gridheight: [868], sliderLayout: 'auto'});\r\n\t\t\t\r\nvar revapi124,\r\n\ttpj;\t\r\n(function() {\t\t\t\r\n\tif (!\/loaded|interactive|complete\/.test(document.readyState)) document.addEventListener(\"DOMContentLoaded\",onLoad); else onLoad();\t\r\n\tfunction onLoad() {\t\t\t\t\r\n\t\tif (tpj===undefined) { tpj = jQuery; if(\"off\" == \"on\") tpj.noConflict();}\r\n\tif(tpj(\"#rev_slider_124_1\").revolution == undefined){\n\t\trevslider_showDoubleJqueryError(\"#rev_slider_124_1\");\n\t}else{\n\t\trevapi124 = tpj(\"#rev_slider_124_1\").show().revolution({\n\t\t\tsliderType:\"hero\",\n\t\t\tjsFileLocation:\"\/\/lucidrealities.studio\/wp-content\/plugins\/revslider\/public\/assets\/js\/\",\n\t\t\tsliderLayout:\"auto\",\n\t\t\tdottedOverlay:\"none\",\n\t\t\tdelay:9000,\n\t\t\tvisibilityLevels:[1240,1024,778,480],\n\t\t\tgridwidth:1240,\n\t\t\tgridheight:868,\n\t\t\tlazyType:\"none\",\n\t\t\tshadow:0,\n\t\t\tspinner:\"spinner0\",\n\t\t\tautoHeight:\"off\",\n\t\t\tdisableProgressBar:\"on\",\n\t\t\thideThumbsOnMobile:\"off\",\n\t\t\thideSliderAtLimit:0,\n\t\t\thideCaptionAtLimit:0,\n\t\t\thideAllCaptionAtLilmit:0,\n\t\t\tdebugMode:false,\n\t\t\tfallbacks: {\n\t\t\t\tsimplifyAll:\"off\",\n\t\t\t\tdisableFocusListener:false,\n\t\t\t}\n\t\t});\n\t}; \/* END OF revapi call *\/\n\t\n }; \/* END OF ON LOAD FUNCTION *\/\r\n}()); \/* END OF WRAPPING FUNCTION *\/\r\n<\/script>\r\n\t\t<\/div><!-- END REVOLUTION SLIDER -->[rev_slider_vc alias=&#8221;outrenoir-home-fr&#8221;][rev_slider_vc alias=&#8221;darwin-home-fr&#8221;][rev_slider_vc alias=&#8221;matisse-home-fr&#8221;][\/vc_column][\/vc_row][vc_row el_id=&#8221;definity-about-us&#8221;][vc_column][vc_empty_space height=&#8221;70px&#8221;]\n        <header class=\"sec-heading \" >\n          <h2 >LUCID REALITIES<\/h2>\n          <span class=\"subheading\" >Producteur d'exp\u00e9riences immersives &amp; interactives<\/span>\n        <\/header>[\/vc_column][\/vc_row][vc_row row_type=&#8221;full-width&#8221;][vc_column width=&#8221;1\/6&#8243;]\n        <div class=\"wow fadeInUpSmall\"  data-wow-duration=\"1.5s\" data-wow-delay=\"0s\"><\/div>[\/vc_column][vc_column width=&#8221;1\/3&#8243;]\n        <div class=\"wow fadeInUpSmall\"  data-wow-duration=\"1.5s\" data-wow-delay=\"0s\">[vc_column_text]Lucid Realities est une soci\u00e9t\u00e9 de production et distribution de contenus d\u00e9di\u00e9e aux \u00e9critures immersives et interactives, bas\u00e9e \u00e0 Paris et cr\u00e9\u00e9e en juillet 2018.<\/p>\n<p>Pour nous, la VR est bien plus qu\u2019une technologie. C\u2019est avant tout l\u2019opportunit\u00e9 de cr\u00e9er de nouvelles formes d\u2019exp\u00e9riences qui mettent le pouvoir \u00e9motionnel de la r\u00e9alit\u00e9 virtuelle au service d\u2019\u00e9critures, d\u2019auteurs, et d&#8217;enjeux sociaux et \u00e9ducatifs. Notre premier projet en\u00a0 r\u00e9alit\u00e9 virtuelle, The Enemy, de Karim Ben Khelifa, que l\u2019\u00e9quipe avait produit pour Camera lucida, a d\u00e9montr\u00e9 notre capacit\u00e9 \u00e0 cr\u00e9er des mod\u00e8les de distribution innovants. Nous avons \u00e9galement accompagn\u00e9 son auteur le long de la cr\u00e9ation de son dernier projet, Seven Grams, bient\u00f4t disponible sur les Play Store et App Store.[\/vc_column_text]<\/div>[\/vc_column][vc_column width=&#8221;1\/3&#8243;]\n        <div class=\"wow fadeInUpSmall\"  data-wow-duration=\"1.5s\" data-wow-delay=\"0s\">[vc_column_text]<\/p>\n<p align=\"justify\">Depuis sa cr\u00e9ation, l\u2019\u00e9quipe de Lucid Realities a produit plusieurs \u0153uvres VR dont Claude Monet &#8211; L\u2019obsession des nymph\u00e9as, de Nicolas Th\u00e9pot (coproduit avec le Mus\u00e9e d\u2019Orsay et de l\u2019Orangerie &#8211; r\u00e9compens\u00e9e par un Viveport Award de la meilleure exp\u00e9rience de l\u2019ann\u00e9e Art\/culture), Endodrome cr\u00e9\u00e9e par l\u2019artiste plasticienne Dominique Gonzalez-Foerster et pr\u00e9sent\u00e9e \u00e0 la derni\u00e8re Biennale de Venise ou encore 1,2,3&#8230;Bruegel!, un jeu en r\u00e9alit\u00e9 virtuelle r\u00e9alis\u00e9 par Gordon et Andr\u00e9s Jarach pr\u00e9sent\u00e9 en avant-premi\u00e8re au VR Arles Festival.<\/p>\n<p align=\"justify\">La soci\u00e9t\u00e9 travaille actuellement au d\u00e9veloppement de plusieurs projets VR\/AR en collaboration avec des diffuseurs, m\u00e9dias et mus\u00e9es internationaux.<\/p>\n<p>[\/vc_column_text]<\/div>[\/vc_column][vc_column width=&#8221;1\/6&#8243;][\/vc_column][\/vc_row][vc_row][vc_column][vc_empty_space height=&#8221;50px&#8221;]\n        <div class=\"btn_align_center \">\n            <a href=\"https:\/\/lucidrealities.studio\/index.php\/catalogue\/\" id=\"d-custom-vc-btn-style-0\" class=\"btn-text btn-large\" title=\"Distribution line up\" target=\"_blank\">EXPLORER LE LINE-UP COMPLET\n            <\/a>\n        <\/div>[\/vc_column][\/vc_row][vc_row row_type=&#8221;full-width&#8221; full_height=&#8221;yes&#8221; equal_height=&#8221;yes&#8221; content_placement=&#8221;top&#8221; background=&#8221;#ffffff&#8221;][vc_column no_gap_check=&#8221;no-gap&#8221; width=&#8221;1\/3&#8243;]\n        \n        <div class=\"ft-image-hover \">\n            <div class=\"ft-item\"  style=\"background-image: url(https:\/\/lucidrealities.studio\/wp-content\/uploads\/2025\/12\/magellan2.jpg);\">\n                <div  class=\"bg-overlay\">\n\n                    <div class=\"content-wrapper\" >\n                        <h3>MAGELLAN - MUS\u00c9E NATIONAL DE LA MARINE (Paris)<\/h3>\n                        <p>Du 22 octobre 2025 au 1er mars 2026<\/p><a  class=\"btn-ghost btn-ghost-light ft-button\" href=\"https:\/\/billetterie.musee-marine.fr\/selection\/timeslotpass?productId=10229454178338&#038;gtmStepTracking=true&#038;lang=fr\" title=\"R\u00e9servez\"  target=\"_blank\">R\u00e9servez<\/a>\n                    <\/div>\n\n                <\/div>\n            <\/div>\n        <\/div>[\/vc_column][vc_column no_gap_check=&#8221;no-gap&#8221; width=&#8221;1\/3&#8243;]\n        \n        <div class=\"ft-image-hover \">\n            <div class=\"ft-item\"  style=\"background-image: url(https:\/\/lucidrealities.studio\/wp-content\/uploads\/2025\/12\/maq6_HY_Expo_Matisse_Soulages_Affiche-scaled.jpg);\">\n                <div  class=\"bg-overlay\">\n\n                    <div class=\"content-wrapper\" >\n                        <h3>OUTRENOIR X DANSE, DANSE, DANSE (Meudon)<\/h3>\n                        <p>Du 18 octobre 2025 au 8 mars 2026<\/p><a  class=\"btn-ghost btn-ghost-light ft-button\" href=\"https:\/\/hangar-y.com\/billetterie\/matisse-soulages\/\" title=\"R\u00e9servez\"  target=\"_blank\">R\u00e9servez<\/a>\n                    <\/div>\n\n                <\/div>\n            <\/div>\n        <\/div>[\/vc_column][vc_column no_gap_check=&#8221;no-gap&#8221; width=&#8221;1\/3&#8243;]\n        \n        <div class=\"ft-image-hover \">\n            <div class=\"ft-item\"  style=\"background-image: url(https:\/\/lucidrealities.studio\/wp-content\/uploads\/2025\/12\/VG_Screenshot_01.png);\">\n                <div  class=\"bg-overlay\">\n\n                    <div class=\"content-wrapper\" >\n                        <h3>MONSIEUR VINCENT - KAOSHIUNG VR LAB (TA\u00cfWAN)<\/h3>\n                        <p>Du 10 d\u00e9cembre 2025 au 9 mars 2026<\/p><a  class=\"btn-ghost btn-ghost-light ft-button\" href=\"https:\/\/www.linkedin.com\/feed\/update\/urn:li:activity:7404822646066008064\/?actorCompanyId=98657528\" title=\"Plus d&#039;infos\"  target=\"_blank\">Plus d&#039;infos<\/a>\n                    <\/div>\n\n                <\/div>\n            <\/div>\n        <\/div>[\/vc_column][\/vc_row][vc_row row_type=&#8221;full-width&#8221; equal_height=&#8221;yes&#8221;][vc_column no_gap_check=&#8221;no-gap&#8221;]\n        <header class=\"sec-heading #definity-about-us\" >\n          <h2 >ILS NOUS FONT CONFIANCE<\/h2>\n          \n        <\/header>[\/vc_column][\/vc_row][vc_row][vc_column width=&#8221;1\/6&#8243;][vc_single_image image=&#8221;6275&#8243; onclick=&#8221;custom_link&#8221; img_link_target=&#8221;_blank&#8221; link=&#8221;https:\/\/www.musee-orangerie.fr\/fr\/&#8221;][\/vc_column][vc_column width=&#8221;1\/6&#8243;][vc_single_image image=&#8221;11070&#8243; onclick=&#8221;custom_link&#8221; link=&#8221;https:\/\/www.louvre.fr\/&#8221;][\/vc_column][vc_column width=&#8221;1\/6&#8243;][vc_single_image image=&#8221;11072&#8243; onclick=&#8221;custom_link&#8221; link=&#8221;https:\/\/www.louvrelens.fr\/&#8221;][\/vc_column][vc_column width=&#8221;1\/6&#8243;][vc_single_image image=&#8221;7308&#8243; onclick=&#8221;custom_link&#8221; img_link_target=&#8221;_blank&#8221; link=&#8221;https:\/\/www.monuments-nationaux.fr\/&#8221;][\/vc_column][vc_column width=&#8221;1\/6&#8243;][vc_single_image image=&#8221;6274&#8243; onclick=&#8221;custom_link&#8221; img_link_target=&#8221;_blank&#8221; link=&#8221;https:\/\/www.npm.gov.tw\/?l=2&#8243;][\/vc_column][vc_column width=&#8221;1\/6&#8243;][vc_single_image image=&#8221;6272&#8243; onclick=&#8221;custom_link&#8221; img_link_target=&#8221;_blank&#8221; link=&#8221;https:\/\/www.mnhn.fr\/&#8221;][\/vc_column][\/vc_row][vc_row][vc_column width=&#8221;1\/6&#8243;][vc_single_image image=&#8221;11076&#8243; onclick=&#8221;custom_link&#8221; img_link_target=&#8221;_blank&#8221; link=&#8221;https:\/\/www.bnf.fr\/fr&#8221;][\/vc_column][vc_column width=&#8221;1\/6&#8243;][vc_single_image image=&#8221;6287&#8243; onclick=&#8221;custom_link&#8221; img_link_target=&#8221;_blank&#8221; link=&#8221;https:\/\/www.france.tv\/&#8221;][\/vc_column][vc_column width=&#8221;1\/6&#8243;][vc_single_image image=&#8221;6285&#8243; onclick=&#8221;custom_link&#8221; img_link_target=&#8221;_blank&#8221; link=&#8221;https:\/\/www.arte.tv\/fr\/&#8221;][\/vc_column][vc_column width=&#8221;1\/6&#8243;][vc_single_image image=&#8221;6288&#8243; onclick=&#8221;custom_link&#8221; img_link_target=&#8221;_blank&#8221; link=&#8221;https:\/\/www.ina.fr\/&#8221;][\/vc_column][vc_column width=&#8221;1\/6&#8243;][vc_single_image image=&#8221;6289&#8243; onclick=&#8221;custom_link&#8221; img_link_target=&#8221;_blank&#8221; link=&#8221;http:\/\/kfa.kcg.gov.tw\/en\/&#8221;][\/vc_column][vc_column width=&#8221;1\/6&#8243;][vc_single_image image=&#8221;11074&#8243; onclick=&#8221;custom_link&#8221; img_link_target=&#8221;_blank&#8221; link=&#8221;https:\/\/www.musee-marine.fr\/&#8221;][\/vc_column][\/vc_row][vc_row][vc_column width=&#8221;1\/6&#8243;][vc_single_image image=&#8221;6273&#8243; onclick=&#8221;custom_link&#8221; img_link_target=&#8221;_blank&#8221; link=&#8221;http:\/\/mitmuseum.mit.edu\/&#8221;][\/vc_column][vc_column width=&#8221;1\/6&#8243;][vc_single_image image=&#8221;6270&#8243; onclick=&#8221;custom_link&#8221; img_link_target=&#8221;_blank&#8221; link=&#8221;https:\/\/www.institutfrancais.com\/fr&#8221;][\/vc_column][vc_column width=&#8221;1\/6&#8243;][vc_single_image image=&#8221;6271&#8243; onclick=&#8221;custom_link&#8221; img_link_target=&#8221;_blank&#8221; link=&#8221;https:\/\/www.imarabe.org\/fr&#8221;][\/vc_column][vc_column width=&#8221;1\/6&#8243;][vc_single_image image=&#8221;6276&#8243; onclick=&#8221;custom_link&#8221; img_link_target=&#8221;_blank&#8221; link=&#8221;https:\/\/phi-centre.com\/&#8221;][\/vc_column][vc_column width=&#8221;1\/6&#8243;][vc_single_image image=&#8221;6263&#8243; onclick=&#8221;custom_link&#8221; img_link_target=&#8221;_blank&#8221; link=&#8221;https:\/\/www.ubisoft.com\/&#8221;][\/vc_column][vc_column width=&#8221;1\/6&#8243;][vc_single_image image=&#8221;6259&#8243; onclick=&#8221;custom_link&#8221; img_link_target=&#8221;_blank&#8221; link=&#8221;https:\/\/www.vive.com\/&#8221;][\/vc_column][\/vc_row][vc_row][vc_column width=&#8221;1\/6&#8243;][vc_single_image image=&#8221;7067&#8243; onclick=&#8221;custom_link&#8221; img_link_target=&#8221;_blank&#8221; link=&#8221;http:\/\/www.pbs.org\/pov\/&#8221;][\/vc_column][vc_column width=&#8221;1\/6&#8243;][vc_single_image image=&#8221;7306&#8243; onclick=&#8221;custom_link&#8221; img_link_target=&#8221;_blank&#8221; link=&#8221;https:\/\/www.fondationlecorbusier.fr\/&#8221;][\/vc_column][vc_column width=&#8221;1\/6&#8243;][vc_single_image image=&#8221;6269&#8243; onclick=&#8221;custom_link&#8221; img_link_target=&#8221;_blank&#8221; link=&#8221;https:\/\/www.labiennale.org\/en&#8221;][\/vc_column][vc_column width=&#8221;1\/6&#8243;][vc_single_image image=&#8221;7531&#8243; onclick=&#8221;custom_link&#8221; img_link_target=&#8221;_blank&#8221; link=&#8221;https:\/\/newsinitiative.withgoogle.com\/dnifund\/&#8221;][\/vc_column][vc_column width=&#8221;1\/6&#8243;][vc_single_image image=&#8221;7525&#8243; onclick=&#8221;custom_link&#8221; img_link_target=&#8221;_blank&#8221; link=&#8221;https:\/\/taicca.tw\/&#8221; css=&#8221;.vc_custom_1619426120831{padding-top: 0px !important;padding-right: 0px !important;padding-bottom: 0px !important;padding-left: 0px !important;}&#8221;][\/vc_column][vc_column width=&#8221;1\/6&#8243;][vc_single_image image=&#8221;7532&#8243; onclick=&#8221;custom_link&#8221; img_link_target=&#8221;_blank&#8221; link=&#8221;https:\/\/www.histoire.fr\/&#8221;][\/vc_column][\/vc_row][vc_row row_type=&#8221;full-width&#8221;][vc_column no_gap_check=&#8221;no-gap&#8221;][vc_empty_space height=&#8221;80px&#8221;][\/vc_column][\/vc_row][vc_row row_type=&#8221;full-width&#8221; el_id=&#8221;definity-contact&#8221;][vc_column no_gap_check=&#8221;no-gap&#8221;]\n    \t\t<div class=\"contact-2 \">\n    \t\t\t\n    \t\t\t<div class=\"address-info\">\n    \t\t\t\t<address>\n\t\t\t\t\t\t<ul>\n\t\t\t\t\t\t\t\n\t\t\t<li>\n\t\t\t\t<span class=\"et-map-pin adr-icon\"><\/span>\n\t\t\t\t<div class=\"adr-group\">\n\t\t\t\t\t<span class=\"adr-heading\"><span>Adresse<\/span><\/span>\n\t\t\t\t\t<span class=\"adr-info\"><p>18 RUE JEAN-JACQUES ROUSSEAU, ROMAINVILLE, FRANCE<\/p><\/span>\n\t\t\t\t<\/div>\n\t\t\t<\/li>\n\t\t\t\t\t\t\t\n\t\t\t<li>\n\t\t\t\t<span class=\"et-envelope adr-icon\"><\/span>\n\t\t\t\t<div class=\"adr-group\">\n\t\t\t\t\t<span class=\"adr-heading\"><span>EMAIL<\/span><\/span>\n\t\t\t\t\t<span class=\"adr-info\"><p>contact@lucidrealities.studio<\/p><\/span>\n\t\t\t\t<\/div>\n\t\t\t<\/li>\n\t\t\t\t\t\t\t\n\t\t\t<li>\n\t\t\t\t<span class=\"fa fa-mobile adr-icon\"><\/span>\n\t\t\t\t<div class=\"adr-group\">\n\t\t\t\t\t<span class=\"adr-heading\"><span>T\u00e9l\u00e9phone<\/span><\/span>\n\t\t\t\t\t<span class=\"adr-info\"><p>+ 33 (0) 1 86 04 72 15<\/p><\/span>\n\t\t\t\t<\/div>\n\t\t\t<\/li>\n\t\t\t\t\t\t<\/ul>\n\t\t\t\t\t<\/address>\n    \t\t\t<\/div>\n    \t\t<\/div>[\/vc_column][\/vc_row]<\/p>\n","protected":false},"excerpt":{"rendered":"<p>[vc_row row_type=&#8221;full-width&#8221;][vc_column no_gap_check=&#8221;no-gap&#8221;][rev_slider_vc alias=&#8221;outrenoir-home-fr&#8221;][rev_slider_vc alias=&#8221;darwin-home-fr&#8221;][rev_slider_vc alias=&#8221;matisse-home-fr&#8221;][\/vc_column][\/vc_row][vc_row el_id=&#8221;definity-about-us&#8221;][vc_column][vc_empty_space height=&#8221;70px&#8221;][\/vc_column][\/vc_row][vc_row row_type=&#8221;full-width&#8221;][vc_column width=&#8221;1\/6&#8243;][\/vc_column][vc_column width=&#8221;1\/3&#8243;][\/vc_column][vc_column width=&#8221;1\/3&#8243;][\/vc_column][vc_column width=&#8221;1\/6&#8243;][\/vc_column][\/vc_row][vc_row][vc_column][vc_empty_space height=&#8221;50px&#8221;][\/vc_column][\/vc_row][vc_row row_type=&#8221;full-width&#8221; full_height=&#8221;yes&#8221; equal_height=&#8221;yes&#8221; content_placement=&#8221;top&#8221; background=&#8221;#ffffff&#8221;][vc_column no_gap_check=&#8221;no-gap&#8221; width=&#8221;1\/3&#8243;][\/vc_column][vc_column no_gap_check=&#8221;no-gap&#8221; &hellip; <\/p>\n<p><a href=\"https:\/\/lucidrealities.studio\/\" class=\"read-more-btn btn btn-small\">Read More<span class=\"screen-reader-text\">Lucid Realities<\/span><\/a><\/p>\n","protected":false},"author":1,"featured_media":0,"parent":0,"menu_order":0,"comment_status":"closed","ping_status":"closed","template":"page-vc.php","meta":[],"acf":[],"yoast_head":"<!-- This site is optimized with the Yoast SEO plugin v19.7.1 - https:\/\/yoast.com\/wordpress\/plugins\/seo\/ -->\n<title>Lucid Realities<\/title>\n<meta name=\"description\" content=\"Lucid Realities est une soci\u00e9t\u00e9 de production et distribution d&#039;exp\u00e9riences immersives (VR, AR, expositions immersives) bas\u00e9e \u00e0 Paris.\" \/>\n<meta name=\"robots\" content=\"index, follow, max-snippet:-1, max-image-preview:large, max-video-preview:-1\" \/>\n<link rel=\"canonical\" href=\"https:\/\/lucidrealities.studio\/\" \/>\n<meta property=\"og:locale\" content=\"en_US\" \/>\n<meta property=\"og:type\" content=\"article\" \/>\n<meta property=\"og:title\" content=\"Lucid Realities\" \/>\n<meta property=\"og:description\" content=\"Lucid Realities est une soci\u00e9t\u00e9 de production et distribution d&#039;exp\u00e9riences immersives (VR, AR, expositions immersives) bas\u00e9e \u00e0 Paris.\" \/>\n<meta property=\"og:url\" content=\"https:\/\/lucidrealities.studio\/\" \/>\n<meta property=\"og:site_name\" content=\"Lucid Realities Studio\" \/>\n<meta property=\"article:modified_time\" content=\"2026-02-20T13:06:39+00:00\" \/>\n<meta name=\"twitter:card\" content=\"summary_large_image\" \/>\n<meta name=\"twitter:label1\" content=\"Est. reading time\" \/>\n\t<meta name=\"twitter:data1\" content=\"3 minutes\" \/>\n<script type=\"application\/ld+json\" class=\"yoast-schema-graph\">{\"@context\":\"https:\/\/schema.org\",\"@graph\":[{\"@type\":\"WebPage\",\"@id\":\"https:\/\/lucidrealities.studio\/\",\"url\":\"https:\/\/lucidrealities.studio\/\",\"name\":\"Lucid Realities\",\"isPartOf\":{\"@id\":\"https:\/\/lucidrealities.studio\/#website\"},\"datePublished\":\"2021-11-05T14:20:15+00:00\",\"dateModified\":\"2026-02-20T13:06:39+00:00\",\"description\":\"Lucid Realities est une soci\u00e9t\u00e9 de production et distribution d'exp\u00e9riences immersives (VR, AR, expositions immersives) bas\u00e9e \u00e0 Paris.\",\"breadcrumb\":{\"@id\":\"https:\/\/lucidrealities.studio\/#breadcrumb\"},\"inLanguage\":\"en-US\",\"potentialAction\":[{\"@type\":\"ReadAction\",\"target\":[\"https:\/\/lucidrealities.studio\/\"]}]},{\"@type\":\"BreadcrumbList\",\"@id\":\"https:\/\/lucidrealities.studio\/#breadcrumb\",\"itemListElement\":[{\"@type\":\"ListItem\",\"position\":1,\"name\":\"Home\",\"item\":\"https:\/\/lucidrealities.studio\/index.php\/en\/lucid-realities-2\/\"},{\"@type\":\"ListItem\",\"position\":2,\"name\":\"Lucid Realities\"}]},{\"@type\":\"WebSite\",\"@id\":\"https:\/\/lucidrealities.studio\/#website\",\"url\":\"https:\/\/lucidrealities.studio\/\",\"name\":\"Lucid Realities Studio\",\"description\":\"\",\"potentialAction\":[{\"@type\":\"SearchAction\",\"target\":{\"@type\":\"EntryPoint\",\"urlTemplate\":\"https:\/\/lucidrealities.studio\/?s={search_term_string}\"},\"query-input\":\"required name=search_term_string\"}],\"inLanguage\":\"en-US\"}]}<\/script>\n<!-- \/ Yoast SEO plugin. -->","yoast_head_json":{"title":"Lucid Realities","description":"Lucid Realities est une soci\u00e9t\u00e9 de production et distribution d'exp\u00e9riences immersives (VR, AR, expositions immersives) bas\u00e9e \u00e0 Paris.","robots":{"index":"index","follow":"follow","max-snippet":"max-snippet:-1","max-image-preview":"max-image-preview:large","max-video-preview":"max-video-preview:-1"},"canonical":"https:\/\/lucidrealities.studio\/","og_locale":"en_US","og_type":"article","og_title":"Lucid Realities","og_description":"Lucid Realities est une soci\u00e9t\u00e9 de production et distribution d'exp\u00e9riences immersives (VR, AR, expositions immersives) bas\u00e9e \u00e0 Paris.","og_url":"https:\/\/lucidrealities.studio\/","og_site_name":"Lucid Realities Studio","article_modified_time":"2026-02-20T13:06:39+00:00","twitter_card":"summary_large_image","twitter_misc":{"Est. reading time":"3 minutes"},"schema":{"@context":"https:\/\/schema.org","@graph":[{"@type":"WebPage","@id":"https:\/\/lucidrealities.studio\/","url":"https:\/\/lucidrealities.studio\/","name":"Lucid Realities","isPartOf":{"@id":"https:\/\/lucidrealities.studio\/#website"},"datePublished":"2021-11-05T14:20:15+00:00","dateModified":"2026-02-20T13:06:39+00:00","description":"Lucid Realities est une soci\u00e9t\u00e9 de production et distribution d'exp\u00e9riences immersives (VR, AR, expositions immersives) bas\u00e9e \u00e0 Paris.","breadcrumb":{"@id":"https:\/\/lucidrealities.studio\/#breadcrumb"},"inLanguage":"en-US","potentialAction":[{"@type":"ReadAction","target":["https:\/\/lucidrealities.studio\/"]}]},{"@type":"BreadcrumbList","@id":"https:\/\/lucidrealities.studio\/#breadcrumb","itemListElement":[{"@type":"ListItem","position":1,"name":"Home","item":"https:\/\/lucidrealities.studio\/index.php\/en\/lucid-realities-2\/"},{"@type":"ListItem","position":2,"name":"Lucid Realities"}]},{"@type":"WebSite","@id":"https:\/\/lucidrealities.studio\/#website","url":"https:\/\/lucidrealities.studio\/","name":"Lucid Realities Studio","description":"","potentialAction":[{"@type":"SearchAction","target":{"@type":"EntryPoint","urlTemplate":"https:\/\/lucidrealities.studio\/?s={search_term_string}"},"query-input":"required name=search_term_string"}],"inLanguage":"en-US"}]}},"_links":{"self":[{"href":"https:\/\/lucidrealities.studio\/index.php\/wp-json\/wp\/v2\/pages\/8252"}],"collection":[{"href":"https:\/\/lucidrealities.studio\/index.php\/wp-json\/wp\/v2\/pages"}],"about":[{"href":"https:\/\/lucidrealities.studio\/index.php\/wp-json\/wp\/v2\/types\/page"}],"author":[{"embeddable":true,"href":"https:\/\/lucidrealities.studio\/index.php\/wp-json\/wp\/v2\/users\/1"}],"replies":[{"embeddable":true,"href":"https:\/\/lucidrealities.studio\/index.php\/wp-json\/wp\/v2\/comments?post=8252"}],"version-history":[{"count":91,"href":"https:\/\/lucidrealities.studio\/index.php\/wp-json\/wp\/v2\/pages\/8252\/revisions"}],"predecessor-version":[{"id":11674,"href":"https:\/\/lucidrealities.studio\/index.php\/wp-json\/wp\/v2\/pages\/8252\/revisions\/11674"}],"wp:attachment":[{"href":"https:\/\/lucidrealities.studio\/index.php\/wp-json\/wp\/v2\/media?parent=8252"}],"curies":[{"name":"wp","href":"https:\/\/api.w.org\/{rel}","templated":true}]}}